 of 446175 and 720.
45
Calculate the highest common divisor of 25392 and 208.
16
Calculate the greatest common factor of 553 and 29467.
79
Calculate the greatest common factor of 260 and 3419.
13
Calculate the greatest common divisor of 26231 and 17.
17
Calculate the highest common divisor of 728 and 2609768.
56
What is the greatest common divisor of 756 and 70056?
252
What is the greatest common factor of 22538 and 1337?
191
Calculate the highest common divisor of 120288 and 96.
96
Calculate the greatest common divisor of 152271 and 126.
63
Calculate the highest common factor of 284 and 152153.
71
Calculate the greatest common divisor of 21226 and 10.
2
Calculate the highest common divisor of 17 and 444.
1
What is the greatest common divisor of 29 and 455?
1
What is the highest common divisor of 36565 and 9230?
355
Calculate the highest common factor of 8010 and 18156.
534
What is the greatest common factor of 1076325 and 2250?
75
Calculate the highest common factor of 38167 and 23.
1
Calculate the highest common divisor of 629 and 1509452.
37
Calculate the highest common factor of 1083067 and 83.
83
What is the greatest common factor of 692954 and 170?
34
Calculate the highest common factor of 46903 and 3689.
527
What is the highest common factor of 44 and 102278?
22
What is the greatest common factor of 408 and 20264?
136
Calculate the greatest common divisor of 59413 and 16112.
1007
Calculate the greatest common factor of 12 and 65538.
6
What is the greatest common divisor of 91 and 9711?
13
Calculate the highest common divisor of 11596 and 12934.
446
Calculate the highest common divisor of 208890 and 17820.
990
Calculate the greatest common divisor of 130 and 19970.
10
What is the highest common factor of 8 and 610?
2
Calculate the highest common divisor of 192 and 454272.
192
What is the greatest common factor of 75849 and 786?
393
What is the greatest common factor of 131025 and 225?
75
What is the greatest common factor of 399680 and 128?
64
What is the highest common factor of 4239 and 6507?
27
Calculate the greatest common factor of 51 and 93959.
17
What is the greatest common factor of 44030 and 10115?
595
What is the greatest common divisor of 2 and 503477?
1
Calculate the highest common factor of 317 and 978579.
317
What is the highest common divisor of 20522 and 6620?
662
Calculate the highest common divisor of 780 and 47220.
60
Calculate the highest common divisor of 36 and 99612.
36
What is the greatest common divisor of 7746 and 18?
6
What is the greatest common factor of 13004 and 4?
4
Calculate the greatest common divisor of 24242 and 19499.
527
Calculate the greatest common factor of 20 and 4435.
5
What is the greatest common divisor of 14749 and 213346?
343
What is the greatest common divisor of 72 and 11318364?
36
Calculate the highest common factor of 90544 and 48.
16
Calculate the greatest common divisor of 360922 and 565.
113
Calculate the highest common divisor of 1336 and 52939.
167
Calculate the highest common factor of 3824911 and 269.
269
What is the greatest common factor of 13 and 86047?
13
Calculate the highest common divisor of 38272 and 51129.
299
What is the highest common factor of 876 and 3942?
438
What is the greatest common divisor of 19439 and 1568?
7
Calculate the greatest common factor of 165104 and 408.
136
What is the highest common factor of 190 and 2435230?
190
Calculate the greatest common divisor of 65 and 80060.
5
What is the highest common factor of 150 and 174975?
75
What is the greatest common factor of 168 and 386652?
84
Calculate the highest common factor of 58572 and 20.
4
What is the greatest common divisor of 182202 and 66?
6
Calculate the highest common divisor of 1276 and 401012.
116
Calculate the greatest common divisor of 140 and 249970.
70
What is the greatest common divisor of 580 and 416440?
580
Calculate the greatest common factor of 225 and 2556225.
225
Calculate the greatest common divisor of 348 and 24534.
174
What is the highest common factor of 13 and 343837?
13
What is the highest common divisor of 28059 and 160593?
597
Calculate the highest common divisor of 183 and 674904.
183
Calculate the greatest common factor of 22 and 8.
2
What is the greatest common factor of 75 and 4445?
5
What is the highest common divisor of 7936 and 2592?
32
What is the highest common factor of 4921 and 931?
133
Calculate the highest common factor of 12558 and 22701.
483
Calculate the highest common divisor of 206300 and 2340.
20
What is the greatest common divisor of 782 and 9471193?
391
What is the highest common factor of 357 and 3885469?
119
What is the highest common factor of 84 and 210252?
84
Calculate the highest common factor of 785297 and 17693.
1361
Calculate the highest common divisor of 235077 and 66636.
1851
Calculate the highest common factor of 50 and 298030.
10
Calculate the greatest common factor of 122109 and 186.
93
Calculate the greatest common divisor of 168 and 712.
8
Calculate the greatest common divisor of 936 and 1008.
72
What is the greatest common factor of 21 and 359583?
21
Calculate the highest common divisor of 555926 and 56.
14
Calculate the highest common factor of 446 and 10035.
223
What is the highest common factor of 98 and 2723658?
14
Calculate the highest common factor of 258505 and 410.
205
What is the greatest common factor of 181 and 47241?
181
What is the greatest common factor of 66 and 41019?
33
What is the greatest common divisor of 171 and 2500248?
57
Calculate the greatest common divisor of 243228 and 12.
12
Calculate the greatest common factor of 208 and 359580.
52
Calculate the highest common factor of 74 and 630036.
74
Calculate the highest common divisor of 127232 and 2556.
284
What is the greatest common factor of 27 and 2806542?
27
Calculate the greatest common factor of 743818 and 102.
34
Calculate the greatest common divisor of 20 and 28828.
4
Calculate the greatest common divisor of 70 and 651308.
14
What is the greatest common divisor of 44 and 301466?
22
Calculate the greatest common factor of 22344 and 60.
12
What is the highest common factor of 5680 and 5120?
80
Calculate the greatest common divisor of 582266 and 6940.
694
Calculate the greatest common divisor of 468 and 5196.
12
What is the greatest common divisor of 4 and 97738?
2
Calculate the highest common divisor of 6 and 17042.
2
What is the highest common factor of 200 and 56200?
200
Calculate the greatest common divisor of 496 and 16833.
31
Calculate the greatest common divisor of 2034 and 45720.
18
What is the highest common factor of 405 and 2115?
45
Calculate the highest common divisor of 319255 and 5.
5
Calculate the highest common factor of 40336 and 32.
16
What is the greatest common divisor of 129954 and 594?
66
What is the highest common divisor of 5550 and 20535?
555
What is the highest common divisor of 104637 and 403?
13
Calculate the highest common factor of 1127 and 1813.
49
Calculate the highest common divisor of 2475 and 50490.
495
What is the greatest common divisor of 529 and 46?
23
What is the highest common factor of 17 and 19023?
17
What is the highest common factor of 18 and 15618?
6
What is the greatest common divisor of 105 and 218355?
15
What is the greatest common factor of 150540 and 3510?
390
Calculate the greatest common factor of 2863 and 31084.
409
What is the greatest common divisor of 1440 and 256?
32
What is the highest common divisor of 44 and 1754786?
22
Calculate the greatest common factor of 19873 and 1190.
119
Calculate the greatest common divisor of 25270 and 910.
70
What is the highest common divisor of 257430 and 540?
30
Calculate the greatest common divisor of 400 and 388175.
25
What is the greatest common factor of 84 and 4612?
4
Calculate the highest common divisor of 464 and 72616.
232
What is the greatest common divisor of 616 and 238876?
44
What is the greatest common divisor of 4066 and 266?
38
What is the highest common divisor of 32947 and 329?
47
Calculate the greatest common divisor of 280 and 1764.
28
Calculate the highest common divisor of 3317834 and 26.
26
What is the greatest common divisor of 1180 and 331344?
236
What is the greatest common factor of 127761 and 222?
111
Calculate the greatest common divisor of 1871